late the remainder when 104 is divided by 9.
5
What is the remainder when 46953 is divided by 86?
83
Calculate the remainder when 593 is divided by 12.
5
Calculate the remainder when 1066 is divided by 97.
96
What is the remainder when 1753 is divided by 44?
37
What is the remainder when 62 is divided by 4?
2
Calculate the remainder when 32 is divided by 8.
0
Calculate the remainder when 116 is divided by 22.
6
Calculate the remainder when 307 is divided by 17.
1
Calculate the remainder when 178 is divided by 79.
20
Calculate the remainder when 137 is divided by 11.
5
Calculate the remainder when 491 is divided by 48.
11
Calculate the remainder when 2096 is divided by 42.
38
Calculate the remainder when 4510 is divided by 16.
14
What is the remainder when 8638 is divided by 60?
58
What is the remainder when 1404 is divided by 237?
219
Calculate the remainder when 47 is divided by 10.
7
Calculate the remainder when 874 is divided by 11.
5
What is the remainder when 331 is divided by 58?
41
Calculate the remainder when 162 is divided by 17.
9
Calculate the remainder when 1291 is divided by 62.
51
What is the remainder when 4836 is divided by 22?
18
Calculate the remainder when 1700 is divided by 24.
20
What is the remainder when 73 is divided by 13?
8
Calculate the remainder when 378 is divided by 374.
4
What is the remainder when 522 is divided by 37?
4
Calculate the remainder when 362 is divided by 28.
26
Calculate the remainder when 644 is divided by 30.
14
Calculate the remainder when 18441 is divided by 12.
9
What is the remainder when 150 is divided by 40?
30
Calculate the remainder when 33 is divided by 9.
6
Calculate the remainder when 219 is divided by 34.
15
What is the remainder when 3044 is divided by 29?
28
Calculate the remainder when 139 is divided by 8.
3
What is the remainder when 4147 is divided by 166?
163
What is the remainder when 2210 is divided by 11?
10
What is the remainder when 574 is divided by 215?
144
What is the remainder when 1368 is divided by 3?
0
What is the remainder when 59 is divided by 56?
3
Calculate the remainder when 53 is divided by 20.
13
Calculate the remainder when 8375 is divided by 4.
3
What is the remainder when 229 is divided by 95?
39
What is the remainder when 375 is divided by 80?
55
What is the remainder when 542 is divided by 26?
22
Calculate the remainder when 523 is divided by 25.
23
What is the remainder when 333 is divided by 42?
39
Calculate the remainder when 63 is divided by 4.
3
Calculate the remainder when 84 is divided by 45.
39
What is the remainder when 12708 is divided by 62?
60
What is the remainder when 5845 is divided by 325?
320
Calculate the remainder when 6268 is divided by 23.
12
What is the remainder when 674 is divided by 304?
66
Calculate the remainder when 448 is divided by 113.
109
What is the remainder when 350 is divided by 22?
20
What is the remainder when 647 is divided by 10?
7
Calculate the remainder when 283 is divided by 22.
19
What is the remainder when 170 is divided by 50?
20
Calculate the remainder when 756 is divided by 87.
60
Calculate the remainder when 217 is divided by 48.
25
Calculate the remainder when 44 is divided by 15.
14
What is the remainder when 13562 is divided by 119?
115
What is the remainder when 299 is divided by 130?
39
What is the remainder when 4775 is divided by 24?
23
What is the remainder when 348 is divided by 123?
102
What is the remainder when 169 is divided by 17?
16
Calculate the remainder when 1466 is divided by 92.
86
Calculate the remainder when 830 is divided by 98.
46
What is the remainder when 260 is divided by 54?
44
What is the remainder when 110 is divided by 92?
18
What is the remainder when 517 is divided by 72?
13
What is the remainder when 688 is divided by 53?
52
What is the remainder when 164 is divided by 56?
52
Calculate the remainder when 982 is divided by 24.
22
Calculate the remainder when 75 is divided by 42.
33
Calculate the remainder when 477 is divided by 47.
7
What is the remainder when 239 is divided by 29?
7
Calculate the remainder when 1299 is divided by 130.
129
What is the remainder when 12592 is divided by 6?
4
Calculate the remainder when 87 is divided by 33.
21
What is the remainder when 192 is divided by 39?
36
Calculate the remainder when 478 is divided by 8.
6
What is the remainder when 386 is divided by 26?
22
What is the remainder when 5815 is divided by 23?
19
Calculate the remainder when 460 is divided by 15.
10
Calculate the remainder when 172 is divided by 41.
8
What is the remainder when 44 is divided by 35?
9
Calculate the remainder when 328 is divided by 30.
28
What is the remainder when 77 is divided by 20?
17
What is the remainder when 4159 is divided by 1379?
22
Calculate the remainder when 928 is divided by 14.
4
Calculate the remainder when 823 is divided by 104.
95
Calculate the remainder when 70 is divided by 11.
4
What is the remainder when 2753 is divided by 13?
10
Calculate the remainder when 533 is divided by 381.
152
What is the remainder when 401 is divided by 51?
44
What is the remainder when 854 is divided by 151?
99
What is the remainder when 1308 is divided by 429?
21
What is the remainder when 419 is divided by 43?
32
What is the remainder when 136 is divided by 86?
50
Calculate the remainder when 193 is divided by 15.
13
Calculate the remainder when 98 is divided by 20.
18
Calculate the remainder when 1048 is divided by 55.
3
Calculate the remainder when 1018 is divided by 60.
58
Calculate the remainder when 3270 is divided by 8.
6
What is the remainder when 308 is divided by 10?
8
Calculate the remainder when 1804 is divided by 597.
13
Calculate the remainder when 107 is divided by 88.
19
What is the remainder when 30 is divided by 18?
12
Calculate the remainder when 65 is divided by 17.
14
What is the remainder when 455 is divided by 246?
209
What is the remainder when 2682 is divided by 44?
42
What is the remainder when 19777 is divided by 15?
7
Calculate the remainder when 249 is divided by 12.
9
Calculate the remainder when 1370 is divided by 31.
6
What is the remainder when 250 is divided by 4?
2
Calculate the remainder when 72 is divided by 48.
24
What is the remainder when 76 is divided by 24?
4
Calculate the remainder when 962 is divided by 251.
209
Calculate the remainder when 158 is divided by 55.
48
What is the remainder when 1364 is divided by 35?
34
What is the remainder when 1974 is divided by 153?
138
Calculate the remainder when 291 is divided by 144.
3
What is the remainder when 991 is divided by 3?
1
What is the remainder when 629 is divided by 40?
29
Calculate the remainder when 50 is divided by 16.
2
Calculate the remainder when 130 is divided by 61.
8
Calculate the remainder when 16 is divided by 10.
6
What is the remainder when 49 is divided by 26?
23
What is the remainder when 4392 is divided by 26?
24
Calculate the remainder when 114 is divided by 53.
8
What is the remainder when 30346 is divided by 9?
7
Calculate the remainder when 394 is divided by 100.
94
What is the remainder when 792 is divided by 42?
36
Calculate the remainder when 12849 is divided by 257.
256
What is the remainder when 14607 is divided by 3648?
15
What is the remainder when 34 is divided by 32?
2
What is the remainder when 444 is divided by 35?
24
Calculate the remainder when 17757 is divided by 43.
41
What is the remainder when 8921 is divided by 25?
21
What is the remainder when 574 is divided by 12?
10
Calculate the remainder when 17816 is divided by 22.
18
Calculate the remainder when 645 is divided by 12.
9
What is the remainder when 224 is divided by 19?
15
Calculate the remainder when 7178 is divided by 189.
185
Calculate the remainder when 259 is divided by 89.
81
Calculate the remainder when 82 is divided by 46.
36
What is the remainder when 8665 is divided by 2888?
1
Calculate the remainder when 404 is divided by 70.
54
Calculate the remainder when 76 is divided by 47.
29
Calculate the remainder when 1612 is divided by 221.
65
Calculate the remainder when 291 is divided by 7.
4
What is the remainder when 203 is divided by 48?
11
What is the remainder when 75679 is divided by 10?
9
Calculate the remainder when 1156 is divided by 6.
4
Calculate the rema